 q and 224?
14
Let w be -21*15/(-9) - 4. Suppose p - w = -3. Calculate the greatest common divisor of 224 and p.
28
Suppose -5*v + 122 = 47. Suppose -2*w + 3*g - 11 = 2, 4*g = -5*w - 21. Let p be -2 + 45 - (-7 - w). Calculate the highest common divisor of v and p.
15
Let v = 41 - -15. What is the greatest common divisor of v and 84?
28
Suppose 64*m - 62*m = 7128. Calculate the greatest common divisor of m and 27.
27
Suppose 0 = -21*x - 474 + 1419. Calculate the greatest common factor of x and 150.
15
Let a be (-1860)/45*(-3)/1. What is the greatest common factor of 31 and a?
31
Suppose 59*j + 340 = 63*j. What is the highest common divisor of j and 136?
17
Let o be (2 + 5 + -1 - 2) + -26. Let l = 34 + o. Calculate the greatest common factor of 3 and l.
3
Suppose -5*b = -2*p - 4, 0 = 101*p - 96*p - 15. Let y be 36/(-15)*(-20)/3. What is the highest common divisor of y and b?
2
Suppose 4*p - 148 = -5*t, -p = t - 3*t - 24. Let k = -31 + p. Calculate the highest common divisor of 8 and k.
1
Let z(h) = 6*h**2 - h - 1. Let r(m) = -m + 1. Let k(l) = 3*r(l) + z(l). Let s be k(3). Let w = s - 14. Calculate the greatest common divisor of w and 20.
10
Suppose -4*n + 363 + 1 = 0. What is the greatest common divisor of n and 65?
13
Let q = 309 - -234. Let f = 43 - 31. Let p be q/f + 2/(-8). What is the greatest common factor of p and 15?
15
Suppose 0 = -2*i - 3*b + 118, 3*b - 13 = -7. Calculate the greatest common factor of 28 and i.
28
Let s = 1120 + -100. What is the greatest common factor of 17 and s?
17
Let t = -18 + 20. Let r = 12 + t. Suppose -f = -3*f + 2*j + 12, 3*f - r = -j. What is the greatest common factor of 45 and f?
5
Let f = -22 - -8. Let d = f - -18. Calculate the highest common factor of 32 and d.
4
Suppose s = -5*a + 166, 5*s - 3*a = 238 + 648. What is the highest common factor of s and 16?
16
Let j = 13 + 183. What is the highest common divisor of j and 28?
28
Let t(u) = -u**2 - 3 + u**2 + 0*u**2 - 6*u - u**2. Let i be t(-4). Let o be 2 + 0 - (-5)/i. What is the highest common factor of o and 3?
3
Suppose 384 = 2*s + 2*s. Suppose s = 13*r - 9*r. What is the greatest common factor of 120 and r?
24
Let w = 351 - -288. What is the highest common factor of w and 142?
71
Suppose r - 6*r + 40 = 0. Let y = 25 - 29. Let l be (-1 - 0)*(y - 36). Calculate the highest common factor of r and l.
8
Suppose -d - 28 = -75*b + 74*b, 18 = b + 4*d. Calculate the greatest common divisor of b and 39.
13
Suppose 56*k - 51*k - 80 = 0. Let v = 21 - k. Suppose 4*n - 8 = 4*c, n + 1 = 3*c + 5. Calculate the greatest common factor of n and v.
1
Let t(m) be the third derivative of m**6/120 - m**5/30 + m**4/3 - 11*m**3/6 - 36*m**2. Let b be t(2). What is the greatest common factor of 25 and b?
5
Suppose 4*c - 116 = -2*q, 3*c - 7*c + 64 = q. Let h = q + -31. Calculate the greatest common divisor of h and 21.
21
Suppose 134 = -9*y + 458. Calculate the highest common factor of y and 24.
12
Let q(w) = -w**3 - 8*w**2 + 2. Let m be q(-8). Suppose m*a = a + 2. Suppose 0 = -d - 0*d + a. What is the greatest common factor of d and 14?
2
Suppose -3*x = -5*k + 37, -3*k + 4*x + 18 = -2. What is the greatest common divisor of 184 and k?
8
Let y(n) = 2*n**2 + 4*n + 2. Let j be y(-3). Suppose -18*t - 4620 = -7*t. Let k be (-1)/(25/t)*(-30)/(-9). What is the highest common divisor of k and j?
8
Suppose z = 51 + 37. Calculate the greatest common factor of z and 11.
11
Let p = 97 + -97. Suppose 27 = w + 3*j, 2*w - 2*j - 30 = -p*j. Calculate the greatest common divisor of 12 and w.
6
Let z(n) = 5*n**2 + 2*n - 5. Suppose 14*m = 17*m + 9. Let b be z(m). Calculate the greatest common divisor of 85 and b.
17
Suppose h - 3*a - 24 = 0, 7*h - 12*h + 3*a = -120. Calculate the highest common divisor of 42 and h.
6
Suppose -4 = -3*u + 20. Let a be -10*(3 - (-4 + u)). What is the highest common factor of a and 110?
10
Let q be 32/(-3)*(-3)/6*3. Calculate the greatest common divisor of 28 and q.
4
Suppose -5*n + 490 = -3*r, 6*n - 588 = -11*r + 6*r. Let y = 17 + -3. What is the highest common divisor of y and n?
14
Let f = -954 + 1174. What is the highest common divisor of f and 20?
20
Let p = 44 - 11. Suppose 0*w = 7*w - 154. Calculate the highest common divisor of p and w.
11
Suppose -4*n - n = -10. Suppose -3*k - 19 = -n*k. Let r = k + 32. Calculate the greatest common divisor of 91 and r.
13
Suppose w - p - 41 = 3*p, 3*p + 120 = 5*w. Calculate the highest common factor of 651 and w.
21
Let y be (-1)/6 - (2/(-12) + 0). Suppose 0 = c - 12 - y. What is the greatest common divisor of c and 60?
12
Let b be -1 + -4 + 15 + -4. Let o be (-1 - (-25)/5) + 14. What is the greatest common divisor of b and o?
6
Suppose 22*r - 29467 = -4299. What is the greatest common divisor of 13 and r?
13
Let u(n) = -2*n**2 + 15*n + n - n**3 - 5*n + 7. Let y be u(-7). Calculate the greatest common divisor of y and 35.
35
Let b be (-4)/(-14) - (-243)/7. Suppose 3*n - 4*n = -4. Let f be 10 - (16/n - 1). What is the highest common divisor of b and f?
7
Let d(y) = 18*y**2 - 4*y - 2. Let z be d(4). Let i be (15/10)/(3/z). Calculate the highest common factor of 27 and i.
27
Suppose 0 = 3*s - 32 - 28. Calculate the highest common divisor of s and 35.
5
Let x(r) = 14*r**2 - 2*r - 15. Let a be x(-3). Calculate the highest common divisor of 78 and a.
39
Suppose -11*q = 3*q - 2254. Calculate the highest common factor of 14 and q.
7
Let g(q) = 2*q**2 - 30*q - 15. Let v be g(17). Calculate the greatest common divisor of 53 and v.
53
Let w be ((-19)/3 - -7)*1*3. Let v be (((-16)/(-10))/w)/((-6)/(-240)). Calculate the greatest common factor of 8 and v.
8
Suppose 7*w - 200 - 304 = 0. What is the greatest common factor of w and 312?
24
Suppose 17*m + 283 = 1388. What is the highest common factor of 2405 and m?
65
Suppose 425 = 3*z - 4*g, -2*z = -3*g - 308 + 23. Calculate the greatest common divisor of 180 and z.
45
Let t = 97 - 95. Suppose t*s = -s + 84. Calculate the highest common divisor of 280 and s.
28
Let n(f) = 161*f - 132. Let r be n(3). What is the greatest common divisor of r and 65?
13
Let l = 1 + 1. Suppose a = 2 + l. Suppose -a*u = -0*u - 52. Calculate the highest common factor of u and 52.
13
Suppose 2*h + 2*h = 2*y - 488, -3*h = -2*y + 483. Calculate the greatest common factor of 3 and y.
3
Let i(u) = -18*u**2 + 2*u + 1. Let a be i(1). Let v be -2*(-3)/(-2) - a. Calculate the highest common divisor of v and 30.
6
Let d(x) = 4 - x + x**2 - 6*x + 3*x. Let q(y) = y + 3. Let n be q(0). Let m be d(n). What is the greatest common factor of m and 7?
1
Let f be 577 + 1*(-2 + 1). Suppose -5*y + f = -y. Let a = -31 - -47. Calculate the highest common divisor of a and y.
16
Suppose 2*h = 9*h - 28. Let r be h + (-3)/(-5)*(-4 - 1). Calculate the highest common divisor of 5 and r.
1
Let s(y) = y**3 + 14*y**2 + y + 28. Let u be s(-13). Let p be -3*(-2 - (-17)/(-3)). Calculate the greatest common factor of p and u.
23
Suppose -6*z + 5*z = -83. Suppose -x + z = l, 4*l - 2*x = -7*x + 334. What is the greatest common divisor of l and 9?
9
Let x = 5 + -10. Let j(s) = -13*s - 2. Let t be j(x). Let w = 10455 - 10446. Calculate the highest common factor of w and t.
9
Let i be (15/4)/(1/4). Let c be (-53)/(-5) + 2 + (-52)/20. Let m be ((-25)/c)/((-3)/18). Calculate the highest common factor of i and m.
15
Suppose 5 = -r, r + 4*r + 410 = 5*h. Let m(v) = 11*v**2. Let j be m(1). Calculate the highest common divisor of h and j.
11
Let o(z) = 6*z + 1 + 0*z - 5*z. Let v(l) = 9*l + 10. Let g(u) = 2*o(u) - v(u). Let y be g(-5). What is the highest common divisor of y and 9?
9
Let i be 15224/77 + 2/7. Suppose -64*s = -65*s + i. What is the highest common divisor of s and 18?
18
Suppose -3*g - 4*z - 309 = 0, -526 = 11*g - 6*g + 3*z. Let k = g - -116. What is the highest common factor of 81 and k?
9
Let i(d) = d**3 - 5*d**2 - 10*d - 1. Let n be i(7). Let b = n + -22. What is the greatest common factor of b and 1?
1
Suppose z + 5*h + 128 = 166, 4*z + h - 76 = 0. Calculate the highest common divisor of 135 and z.
9
Let m be 120/7*(-280)/(-60). Let v(p) = 2*p - 2. Let c be v(5). What is the greatest common factor of m and c?
8
Let u = 37 - 39. Let l be (-24)/(u*9/132). What is the greatest common factor of 22 and l?
22
Let m be 18 + -16 + (1 - 0). Suppose